- 4*g**2 + 4*g + 2. Let a(y) = 2*y**2 + 12*y + 11. Let m be a(-5). Let z be 1*(-14)/28*(m + 5). Determine d(z).
-19
Let b(j) = -14*j + 6*j - 1 - 4 + 5*j. What is b(6)?
-23
Let o be 6/(-2) + -7 + 4. Let m be (o/(-7))/((-2)/(-7)). Let t be 5/2 - m/2. Let n(q) = 3*q - 1. What is n(t)?
2
Let m be -1 + (0 - 1 - -1). Let k be -2 - m*(-1 + -2). Let c = k - -6. Let f(i) = -6*i**2 - i + 1. Determine f(c).
-6
Suppose 0 = 3*n + 30*n - 33. Let p(y) = -32*y. Determine p(n).
-32
Let z(q) be the first derivative of 13*q**4/4 + q + 55. Determine z(-1).
-12
Let r(u) = 5*u - 3*u - 3*u. Let l(n) = 3*n - 1. Let h(j) = -l(j) - 2*r(j). Let x = 9 + -5. Calculate h(x).
-3
Let w(k) = k - 1. Let a(q) = q**3 - 5*q**2 + 6*q + 5. Let g(t) = -6*t**3 + 25*t**2 - 30*t - 26. Let c(i) = -11*a(i) - 2*g(i). Let l be c(-6). Give w(l).
-4
Let x(b) = 3*b - 4*b - 8 - b + 19. Let s be 1/1 + (-16)/(-2). Calculate x(s).
-7
Let t be -12*1*6/(-24). Let k(f) be the second derivative of 5/2*f**2 + 2/3*f**t + 1/4*f**4 - 6*f - 1/20*f**5 + 0. Give k(4).
5
Let k be (-4)/(4*3/(-6)). Let y(o) = 3*o**2 - o - 10*o**2 + 9*o**k + 1 + o**3. Calculate y(-3).
-5
Let g(l) = 17 + 65*l**2 - 66*l**2 - 13*l - 5. Give g(-13).
12
Let s = -200 - -203. Let i(r) be the third derivative of 1/6*r**s + 0 - 1/24*r**4 + 0*r - 4*r**2. What is i(-3)?
4
Let n(p) be the third derivative of -p**4/12 - p**2. Let w be ((-6 - -5) + 2)/(-1). What is n(w)?
2
Let x(p) = -p**2 - 4*p + 5. Let q(c) = 12*c**3 + c**2 + c - 1. Let i be q(1). Let n be (-6)/6*(-1 - 16). Let k = i - n. Calculate x(k).
5
Let r(u) = 79 - 167 - 3*u + 73. Calculate r(-11).
18
Let w(q) = -3*q + 1. Let u(n) = -2*n - 17. Let z be u(-10). Let y be w(z). Let x(f) = -2*f - 9. Determine x(y).
7
Let r(i) be the third derivative of -i**6/120 + i**5/20 - i**4/8 + 3*i**2. Let c = -209 + 211. Give r(c).
-2
Let m = 445 - 443. Let d(n) be the second derivative of 1/2*n**3 + 0 - 5/2*n**m - 5*n. Determine d(4).
7
Suppose o = -4*i - 34, 2*i + 53 = -3*o - 29. Let g be (-96)/(-44) + 1 + o/22. Let a(s) = -s**3 + s**2 - s + 1. What is a(g)?
-5
Let c(w) = 2*w**2 - 5*w + 4. Suppose -10*d = -4*d - 36. Let z(h) = -h**2 + 2*h - 2. Let f(a) = d*c(a) + 11*z(a). Let l = -5 - -12. Give f(l).
-5
Let g(f) = 3*f**3 + 19*f**2 - 2*f + 7. Let i(s) = -5*s**3 - 29*s**2 + 3*s - 11. Let k(b) = -8*g(b) - 5*i(b). Suppose 0 = 12*m + 3*m - 105. Give k(m).
6
Let n be -11*8/24*-3. Let s(l) = -l**3 + 12*l**2 - 13*l + 2. Give s(n).
-20
Suppose -6 = 4*b - 2*b - 3*t, 8 = -2*b + 2*t. Let p(m) = -5*m - 5. Calculate p(b).
25
Let j = -39 + 41. Let y(d) = j*d + 3 - 3*d + 3*d. Give y(-3).
-3
Let n(s) = s**2 + 10*s - 14. Let y(c) = c - 2. Let u(i) = n(i) - 4*y(i). Calculate u(-6).
-6
Let y(z) = -z**2 + 1. Let x(b) = -b - 1. Let i be x(9). Let n be 2/(-6) + i/15. What is y(n)?
0
Let q(a) = 0*a - 5 - 6 + 2*a + 0*a + 26. Give q(-7).
1
Let s(v) = 219*v - 8 - 213*v + 9. Determine s(-1).
-5
Let z(q) = q**3 + 4*q**2 - 2*q + 7. Let m(u) = u**2 + 7*u - 8. Let n be m(-6). Let h = -19 - n. Calculate z(h).
-8
Let j(d) = -d + 6. Let w(k) = -5*k - 52. Let o be w(-8). Calculate j(o).
18
Let q(a) = -a**3 + a + 1. Let b(p) = -6*p**3 - 7*p**2 + 5. Let w(g) = -b(g) + 5*q(g). Let i = -46 - -40. Determine w(i).
6
Let m = 44 + -46. Let o = 0 - 1. Let j be 2/o - 14/m. Let k(q) = -q**3 + 4*q**2 + 6*q - 1. Calculate k(j).
4
Let c = 12 + -16. Let i be -3*(-3 + 1 - c). Let w(m) = m**3 + 7*m**2 + 6*m - 1. Give w(i).
-1
Let j(h) = 2*h**2 + h + h**3 + h**2 - 2*h. Let o be 24/18*3/(-2)*2. Determine j(o).
-12
Let s(f) = -f**2 - 7*f - 3. Let n be (-4)/(-6) + (-70)/(-3). Suppose -15*w + 81 = 21. Suppose 0 = -6*y + 2*y + 3*o - w, -2*y = 4*o + n. Determine s(y).
9
Let c(s) = -3*s + 2. Let p(u) = -u. Let a(d) = c(d) - 2*p(d). Determine a(-2).
4
Let f be 3 + 6/27 + (-8)/36. Let y(n) be the second derivative of -n**5/20 + n**4/6 + n**3/3 - n**2/2 - n. Determine y(f).
-4
Let u(d) be the first derivative of -d**4/4 + d**3/6 - d**2 - 27. Let h(r) be the second derivative of u(r). Determine h(3).
-17
Let i(a) = -a**2 - 3*a + 4. Let x be i(-3). Suppose -u + 36 = 17*u. Let r(p) = -58*p + 3*p**3 - 3*p**u + 52*p - 2*p**3 + 4. Calculate r(x).
-4
Let j(r) = -2*r. Suppose 0 = -l + 4*o - 26, -l + 27 = -3*l + 3*o. Calculate j(l).
12
Let y(w) = -w - 3. Let g(n) = -3*n**2. Suppose -4*o - 4*p + 6 - 18 = 0, o - p - 1 = 0. Let q be (o/2)/((-10)/20). Let h be g(q). Calculate y(h).
0
Let j(m) = m**3 + 2*m**2 - 4*m - 4. Let u be (2 + -2)/((5 - 4) + -3). Let l be u + (-5 - (0 - 2)). Determine j(l).
-1
Let h be 8 - (-40)/(-30)*3/2. Let x be ((-2)/h)/(2*5/(-210)). Let n(t) = t. Give n(x).
7
Let x(f) = 3*f**2 - 5*f + 3. Let p be x(3). Let k be (-5)/(-25) - 3/p. Suppose 4*z + 4 + 0 = k. Let j(v) = 2*v**2 - 1. What is j(z)?
1
Suppose 12 = -0*d + 6*d. Suppose d*r = -2*x + 18, 0 = -3*r + 5*x - 6 - 7. Let s(l) be the first derivative of l**3/3 - 3*l**2/2 - l - 2. What is s(r)?
3
Let j(h) = h**2 - 10*h + 8. Suppose -2*k - k = -3. Let n be (1/k - 0)*9. What is j(n)?
-1
Let i(f) = -f + 4. Suppose -2*s = 2*o - 18, 2*o - 6*s = -4*s - 2. Let y(h) = -4*h + 19. Let q be y(o). Give i(q).
1
Let j = -83 - -72. Let u(o) = o**2 + 13*o + 12. What is u(j)?
-10
Suppose 4 = d, 1 = 2*v - d - 3. Suppose -12 = -v*w - 4*g, -2*g = -5*w - 0*w + 50. Let n(x) = -x + 3. Calculate n(w).
-5
Let r(f) = 4*f**3 + f**2 - 1. Let o be r(1). Suppose o*u + 12 = -5*a, 5*a - u = 6 - 28. Let c(t) = -t**3 - 5*t**2 - 5*t. Calculate c(a).
4
Let p(z) = -z + 14. Suppose -78 = -185*v + 172*v. Determine p(v).
8
Let z be (-24)/(-9)*(1 - 123/6). Let f = z - -49. Let o(c) = 2*c + 2. Determine o(f).
-4
Let y(i) = 3*i**3 - 2*i - 1. Suppose 0 = 4*v + 1 - 17, 0 = -2*o - v + 2. Calculate y(o).
-2
Let j(a) be the third derivative of a**5/60 + a**4/12 - a**3/2 + 4*a**2. Let l = 50 - 22. Suppose 4*f = f - 4*w - 29, -5*w = f + l. Give j(f).
0
Let r = -8 - -6. Let a(g) = -1 + 255*g**2 - 254*g**2 - 126*g + 127*g. What is a(r)?
1
Suppose -4*k + 17 = 1. Let t(r) = 6*r + 4 - r**3 + 5*r**2 + 3*r**2 - k*r**2. Suppose -7*m = -3*m - 20. Give t(m).
9
Let x(i) = -i + 6. Let v(r) = -r**3 - r**2 - 2*r - 3. Let j be v(0). Let y(b) = 2*b**3 + 6*b**2. Let f be y(j). What is x(f)?
6
Let h(f) = f**2 + 2*f - 1. Let r be h(3). Let c(o) = -3 - r*o + 13*o + 6. Calculate c(5).
-2
Let k(b) = -9*b - 20. Let r(v) = -5*v - 10. Suppose -17 = -2*o - 0*o + 3*c, 5*o = c + 36. Let m(a) = o*r(a) - 4*k(a). Calculate m(-7).
3
Let z(n) = -n**3 + 7*n**2 - 6*n + 1. Suppose -6 = -4*x + 6. Suppose d - 6 = 4*q, -x*d + 18 = 3*q - 0. Determine z(d).
1
Let i(r) = 2 + 4*r**2 - 5*r**2 + r**3 + 0*r**2. Let a be ((-45)/36)/(2/(-8)). Suppose b + 14 = -4*z, -6*b = -a*b + 2*z + 6. Give i(b).
6
Suppose -125*j + 890 = 15. Let v(p) = -p**2 - 2*p + 8. Calculate v(j).
-55
Let f(m) = 10 + 8*m - 13 + 4*m**2 - 4*m. Let y(x) = -7*x**2 - 7*x + 5. Suppose 0 = 2*i + 1 - 11. Let v(k) = i*f(k) + 3*y(k). Determine v(-3).
-6
Let b(c) = c**3 - 7*c**2 + 9*c - 9. Suppose -11*h = 2*d - 7*h - 4, 2*d + 2*h = 8. Give b(d).
9
Let y be -4 - 1*4*-2. Suppose -22 = q - 5*j - y, 2*q - 5*j + 16 = 0. Let s(g) = q*g + 1 - 35*g**2 + 17*g**2 + 13*g**2. Give s(-1).
-6
Let h(n) = -2*n**2 - 7 + 6*n**3 + 9 - 47*n + 48*n. Give h(-1).
-7
Let c = -154 - -158. Let f(r) be the third derivative of -5/24*r**c - 5/6*r**3 + 0 + 0*r - 1/60*r**5 - 2*r**2. Give f(-5).
-5
Let i(b) = b**3 - 6*b**2 - 5. Suppose -101*m - 5 = -102*m. Calculate i(m).
-30
Let s(b) be the third derivative of -b**4/2 + 113*b**2. Calculate s(1).
-12
Let z(q) = 2*q + 6. Let k(h) = h**3 - 3*h**2 - 12*h + 6. Let w be k(5). Determine z(w).
-2
Suppose 3*t + 0*t = 5*r - 15, -12 = -2*t - 4*r. Let u = t - 0. Let p(g) = -g**3 - g**2 - 4. Determine p(u).
-4
Let v = 330 + -324. Let s(i) = -i**2 + 5*i + 8. Determine s(v).
2
Let i(w) = -w**2 - 5*w - 1. Let o be (-6 + 0)*2/4. Let z be i(o). Let m(b) be the second derivative of -b**4/12 + b**3/2 + 5*b**2/2 + 13*b. Determine m(z).
-5
Let k(x) be the second derivative of 5*x + 1/6*x**4 + 0 + 1/2*x**2 + 1/3*x**3 + 1/10*x**5. Let u(t) = -t**2 + t - 1. Let v be u(0). Determine k(v).
-1
Let k(j) = -j - 5. Suppose 0*i - 4*i - 16 = 4*a, -4*i + 4 = 0. Let y be (-2)/(a/2 - -2). Suppose 3*m = 3*t + 2*t + 17, -4*m = -2*t - y. Give k(t).
-1
Let h = -112 + 112. Let l(z) be the third derivative of -z**5/60 + z**4/24 + 3*z**3 - 2*z**2. De